CRAN Package Check Results for Package ArchaeoPhases

Last updated on 2020-01-27 00:47:57 CET.

Flavor Version Tinstall Tcheck Ttotal Status Flags
r-devel-linux-x86_64-debian-clang 1.4 8.62 160.54 169.16 NOTE
r-devel-linux-x86_64-debian-gcc 1.4 6.67 118.53 125.20 NOTE
r-devel-linux-x86_64-fedora-clang 1.4 199.79 NOTE
r-devel-linux-x86_64-fedora-gcc 1.4 189.21 NOTE
r-devel-windows-ix86+x86_64 1.4 36.00 244.00 280.00 OK
r-devel-windows-ix86+x86_64-gcc8 1.4 41.00 225.00 266.00 OK
r-patched-linux-x86_64 1.4 7.97 142.25 150.22 OK
r-patched-solaris-x86 1.4 280.70 NOTE
r-release-linux-x86_64 1.4 7.57 140.18 147.75 OK
r-release-windows-ix86+x86_64 1.4 16.00 154.00 170.00 OK
r-release-osx-x86_64 1.4 NOTE
r-oldrel-windows-ix86+x86_64 1.4 12.00 161.00 173.00 OK
r-oldrel-osx-x86_64 1.4 NOTE

Check Details

Version: 1.4
Check: for non-standard things in the check directory
Result: NOTE
    Found the following files/directories:
     'CharacteristicsOfPhase.svg' 'Characteristics_Event.2.svg'
     'MinMaxPhases.csv' 'MultiPhasePlot.png' 'MultiSuccessionPlot.svg'
     'Succession.png' 'data.csv' 'fishpond_MCMC.csv'
Flavors: r-devel-linux-x86_64-debian-clang, r-devel-linux-x86_64-debian-gcc, r-devel-linux-x86_64-fedora-clang, r-devel-linux-x86_64-fedora-gcc

Version: 1.4
Check: dependencies in R code
Result: NOTE
    Namespace in Imports field not imported from: ‘DT’
     All declared Imports should be used.
Flavors: r-devel-linux-x86_64-fedora-clang, r-devel-linux-x86_64-fedora-gcc, r-patched-solaris-x86, r-release-osx-x86_64, r-oldrel-osx-x86_64