CRAN Package Check Results for Package ANOVAIREVA

Last updated on 2020-01-27 00:47:56 CET.

Flavor Version Tinstall Tcheck Ttotal Status Flags
r-devel-linux-x86_64-debian-clang 0.1.0 2.12 16.99 19.11 OK
r-devel-linux-x86_64-debian-gcc 0.1.0 1.69 13.97 15.66 OK
r-devel-linux-x86_64-fedora-clang 0.1.0 24.61 NOTE
r-devel-linux-x86_64-fedora-gcc 0.1.0 23.83 NOTE
r-devel-windows-ix86+x86_64 0.1.0 18.00 44.00 62.00 OK
r-devel-windows-ix86+x86_64-gcc8 0.1.0 14.00 34.00 48.00 OK
r-patched-linux-x86_64 0.1.0 1.60 15.94 17.54 OK
r-patched-solaris-x86 0.1.0 35.80 NOTE
r-release-linux-x86_64 0.1.0 1.63 15.66 17.29 OK
r-release-windows-ix86+x86_64 0.1.0 6.00 53.00 59.00 OK
r-release-osx-x86_64 0.1.0 NOTE
r-oldrel-windows-ix86+x86_64 0.1.0 3.00 28.00 31.00 OK
r-oldrel-osx-x86_64 0.1.0 NOTE

Check Details

Version: 0.1.0
Check: dependencies in R code
Result: NOTE
    Namespaces in Imports field not imported from:
     ‘car’ ‘datasets’ ‘dplyr’ ‘ggplot2’ ‘plotly’ ‘shiny’
     All declared Imports should be used.
Flavors: r-devel-linux-x86_64-fedora-clang, r-devel-linux-x86_64-fedora-gcc, r-patched-solaris-x86, r-release-osx-x86_64, r-oldrel-osx-x86_64