CRAN Package Check Results for Package ACDm

Last updated on 2020-01-27 00:47:56 CET.

Flavor Version Tinstall Tcheck Ttotal Status Flags
r-devel-linux-x86_64-debian-clang 1.0.4 15.75 72.63 88.38 OK
r-devel-linux-x86_64-debian-gcc 1.0.4 13.41 55.60 69.01 OK
r-devel-linux-x86_64-fedora-clang 1.0.4 109.56 NOTE
r-devel-linux-x86_64-fedora-gcc 1.0.4 107.49 NOTE
r-devel-windows-ix86+x86_64 1.0.4 42.00 194.00 236.00 OK
r-devel-windows-ix86+x86_64-gcc8 1.0.4 59.00 143.00 202.00 OK
r-patched-linux-x86_64 1.0.4 14.59 65.67 80.26 NOTE
r-patched-solaris-x86 1.0.4 155.40 OK
r-release-linux-x86_64 1.0.4 14.38 65.33 79.71 OK
r-release-windows-ix86+x86_64 1.0.4 36.00 133.00 169.00 OK
r-release-osx-x86_64 1.0.4 OK
r-oldrel-windows-ix86+x86_64 1.0.4 29.00 118.00 147.00 OK
r-oldrel-osx-x86_64 1.0.4 OK

Check Details

Version: 1.0.4
Check: compiled code
Result: NOTE
    File ‘ACDm/libs/ACDm.so’:
     Found no calls to: ‘R_registerRoutines’, ‘R_useDynamicSymbols’
    
    It is good practice to register native routines and to disable symbol
    search.
    
    See ‘Writing portable packages’ in the ‘Writing R Extensions’ manual.
Flavors: r-devel-linux-x86_64-fedora-clang, r-devel-linux-x86_64-fedora-gcc

Version: 1.0.4
Check: dependencies in R code
Result: NOTE
    No protocol specified
Flavor: r-patched-linux-x86_64